st the prime factors of b.
103
Let t be 1 + -2 + 9 + 15. Suppose 3 = -4*v + t. Suppose -g - 40 = -v*g. List the prime factors of g.
2, 5
Let r(f) = f**3 + 13*f**2 - 6*f - 13. Let o be r(-11). Suppose -9*y + 4*y + o = 0. List the prime factors of y.
59
Let u = -1 - -3. Suppose 0 = 3*a + 4*n - 210, 5*a - u*n = -3*n + 367. List the prime factors of a.
2, 37
Let d(t) = -6*t**2 + 11*t + 3. Let b(k) = 5*k**2 - 10*k - 4. Let v(s) = -7*b(s) - 6*d(s). Let g be (-1)/((-1)/6*-2). List the prime factors of v(g).
7
Let z be (21/12)/(2/16). Suppose -z*c = -16*c + 66. What are the prime factors of c?
3, 11
Let b(p) = -p**2 - 15*p + 14. Suppose 4*m = 4*t - 2*t - 20, 0 = -2*t + m + 14. Let x be 3 - (-3)/t*-34. List the prime factors of b(x).
2, 7
Let j = -16 + 30. Suppose -5*n + j = -6. What are the prime factors of (n/6)/((-22)/(-495))?
3, 5
Let y(h) = -8*h + 2*h**2 - 3*h**2 + 2*h. Let s(u) = 2*u**2 + 28*u - 34. Let k be s(-15). List the prime factors of y(k).
2
Let w(x) = -x**3 + 10*x**2 + 4*x - 12. Let m be w(11). Let k = m - 13. Let l = -57 - k. What are the prime factors of l?
3, 5
Let b(k) = k**3 - k**2 - k + 7. Let f be b(0). Suppose 3*t = f*t + 52. Let u = 37 + t. List the prime factors of u.
2, 3
What are the prime factors of ((-1229 - 9)*1/(-2))/1?
619
Let j(a) = -16*a - 14. Let q be j(-2). Let n = q - -29. What are the prime factors of n?
47
Let f be (6/(-4))/(1/(-2)). Suppose -5*b + q - 2*q = -f, 0 = -b - 5*q - 9. What are the prime factors of (-2 + 0 - b)*-9?
3
Let p = 84 - 57. Let r = -46 + p. Let s = r + 45. List the prime factors of s.
2, 13
Suppose 5*g - 26 = -4*w, g - 11 = -g - w. Suppose 287 = 2*l - 3*q, 0 = -3*l - 0*q - 5*q + 383. Suppose l = 5*k + g. List the prime factors of k.
2, 13
Let r(l) = 39*l + 86. Let z be r(16). Let j = z - 373. List the prime factors of j.
337
Let o be (-4)/3*(-6)/4. Suppose 0 = -30*y + 34*y - 8. What are the prime factors of 11 + (o - y) + 3?
2, 7
Let d = -36 + 533. What are the prime factors of d?
7, 71
Let v be (-3)/9 - (-708)/18. What are the prime factors of (-10 - 0)*v/(-6)?
5, 13
Let c(w) = -167*w - 5. List the prime factors of c(-3).
2, 31
Suppose 22*f + 2346 = 5*f. Let z = -95 - f. What are the prime factors of z?
43
Let v(p) = 3*p**2 - 5*p + 3. Let m be v(2). Suppose -4*g = m*z - 444, -5 + 1 = -4*g. List the prime factors of z.
2, 11
Let a = 3 + 2. Suppose -a*n = 10, 0*r + 4*r + 3*n = 142. List the prime factors of r.
37
Let h be (-79)/(-3) - 1/3. Let q = -25 + h. Suppose -f = -q, -4*c + 4 = 4*f - 8. List the prime factors of c.
2
Let n(y) be the third derivative of y**6/60 + 17*y**5/60 + y**4/3 + y**3/2 - 7*y**2. What are the prime factors of n(-8)?
3
Suppose -2*u = d - 3 - 1, -3*d - 12 = -2*u. Let h be 5 + d + (0 - 1). Suppose -3*i + 37 = 5*r, -i - h*i = -3*r + 27. List the prime factors of r.
2
Let m = -24 - 4. Let t = m - -30. Suppose t*x - f = 2*f + 111, 2*x - 146 = -4*f. What are the prime factors of x?
3, 7
Let i = -6 - -10. Suppose 3*m = -0*j - 3*j + 33, i*m - 28 = -3*j. Suppose -2*l = -j - 4. What are the prime factors of l?
2, 5
Let f(j) be the second derivative of -11*j**3/3 + j**2 + 11*j. What are the prime factors of f(-1)?
2, 3
Let s be (-4)/(32/84)*-6. Suppose g = -0*g + s. Let x = g - 37. What are the prime factors of x?
2, 13
Suppose -4*b = -0*b - 96. Suppose 5*n - b = -4. Suppose 0 = -5*u + n*q + 83, -4*u - 4*q = q - 91. List the prime factors of u.
19
Let o(w) = 9*w - 5. Let b(n) = 4*n - 3. Let p(y) = -7*b(y) + 3*o(y). Let a be p(-6). Suppose -6*m + 8*m = a. List the prime factors of m.
2, 3
Suppose -3*z + 8*z = 1570. Suppose -5*o + z = q - 101, -3*o + 249 = -2*q. What are the prime factors of o?
83
Let q(y) = -y**2 - 16*y - 3. Suppose 66 = -6*z - 0*z. What are the prime factors of q(z)?
2, 13
Suppose -4*l = -0*l - 1740. Suppose -19*t = -4*t - l. What are the prime factors of t?
29
Let o(x) = 5*x + 7. Let g be (9/(-18))/((-1)/84). Let t = -33 + g. List the prime factors of o(t).
2, 13
Let t(l) = 25 - 19*l + 24*l - 9*l. List the prime factors of t(-15).
5, 17
Let f = -142 - -72. What are the prime factors of (378/15)/((-21)/f)?
2, 3, 7
Let f(t) = -15*t**2 - t - 10. Let n be f(3). Let s = 254 + n. What are the prime factors of s?
2, 53
Suppose 0*h - 16 = -4*h. Suppose y = h*p + 2*y - 134, -142 = -4*p - 5*y. What are the prime factors of p?
3, 11
Let s = 2738 + -1279. List the prime factors of s.
1459
Let p(z) = -234*z - 14. What are the prime factors of p(-8)?
2, 929
Suppose -2347 - 3093 = -34*w. List the prime factors of w.
2, 5
Suppose -59 = l + 81. Let h = l + 216. What are the prime factors of h?
2, 19
Let l(s) = s**2 - 5. Let c be (-13)/((-52)/24)*-1. List the prime factors of l(c).
31
Let o(q) = 4*q - 9. Let f(w) = -2 + 0 + 1 + w. Let h(i) = 6*f(i) - o(i). What are the prime factors of h(6)?
3, 5
What are the prime factors of ((-60)/16)/5 - (-37995)/20?
3, 211
Suppose f - 6*f + 6385 = 5*u, -4*f = -2*u + 2584. What are the prime factors of u?
2, 641
Let v(p) be the third derivative of -37*p**4/24 - 7*p**3/6 - 32*p**2. What are the prime factors of v(-2)?
67
Suppose 0 = -74*c + 101*c - 2835. List the prime factors of c.
3, 5, 7
Let d = -46 - -126. Let q = d + -21. List the prime factors of q.
59
Let z(i) = -i**2 - 4*i - 1. Let d be z(-2). Suppose l + 4*x - 86 = x, d*l - 5*x - 202 = 0. List the prime factors of l.
2, 37
Suppose -3*j - 439 = -4*l, 2*l - 162 = 3*j + 65. List the prime factors of l.
2, 53
Let u be (-15)/(-25) - 113/5. Let r = u + 13. What are the prime factors of -3*(33/r - 0)?
11
Let o(q) = -35*q - 15. Let z be o(-5). What are the prime factors of (z - -17) + (0 - -2)?
179
Let r = 1395 + 350. What are the prime factors of r?
5, 349
Suppose 2568 = 4*n + 4*w, 2*n = 5*n + w - 1922. List the prime factors of n.
2, 5
Let c(s) = -s**3 + 9*s**2 - 2*s + 30. Suppose 2*h - 37 = -3*o, h = 2*o - 0*h - 13. List the prime factors of c(o).
2, 3
Let j(x) = -x**3 - 2*x**2 - 4*x + 5. Let c be j(-5). Suppose 0 = -4*a + 3*r + 100, 0 = 4*a + 4*r - 8*r - c. List the prime factors of a.
5
Let r(b) = 2*b**3 + 16*b**2 + 5*b + 6. List the prime factors of r(6).
2, 3, 29
Suppose 2 = 8*q - 14. Suppose -90 = q*i - 342. List the prime factors of i.
2, 3, 7
Suppose -2*i + 198 = 7*s - 3*s, 0 = -i - 3*s + 100. List the prime factors of i.
97
Suppose 2*x - 170 = 5*v, -v - 82 = -x - 0*v. List the prime factors of x.
2, 5
Let o be 3 - -131 - (-1 + -2). Suppose -3*v - 2*j - 3*j = -o, -2*j = 5*v - 203. What are the prime factors of v?
3, 13
Let t(q) = -q**2 - 2*q + 42. Let c be t(0). Let j = 82 - c. List the prime factors of j.
2, 5
What are the prime factors of (-876)/(-10)*(-2280)/(-171)?
2, 73
Let d = 3148 - 1014. What are the prime factors of d?
2, 11, 97
Suppose -5*t - 35 + 15 = 0. Let l be -1 + -2 + (-512)/t. Suppose -b = 4*b - 5*m - l, -4*b + 2*m = -106. List the prime factors of b.
2, 7
Let x(k) = -111*k + 30. List the prime factors of x(-3).
3, 11
Let f = 2605 - 1833. List the prime factors of f.
2, 193
Suppose 0*f - 3*f - w = 10, f - 3*w = -20. What are the prime factors of 390/4*((-105)/25 - f)?
2, 3, 13
What are the prime factors of (17 + 422)/(2/4)?
2, 439
Let k(s) = s + 2. Let m be k(-1). Let g = 321 - 131. Suppose -3*d = 2*l - g, 0 = 3*l + m + 2. List the prime factors of d.
2
Let q = -601 + 1237. List the prime factors of q.
2, 3, 53
What are the prime factors of (1958/(-33))/(-2 - 17/(-9))?
2, 3, 89
Let r(t) = -36*t - 848. What are the prime factors of r(-52)?
2
List the prime factors of (((-1344)/40)/12)/(2/(-10)).
2, 7
Suppose -5*g = -3*o + 71, 5*g + 4*o + 0*o = -92. Let z = 54 + g. List the prime factors of z.
2, 19
Let l(w) be the second derivative of -w**6/720 + 13*w**5/120 - 5*w**4/12 - 7*w. Let k(b) be the third derivative of l(b). List the prime factors of k(-10).
23
Let p(r) = r + 6. Let u be p(-3). Let o(c) = 4*c**2 + 3*c + 4. What are the prime factors of o(u)?
7
Suppose -5*o + 3 = -a, 0*a + a - 5 = -3*o. Suppose -5*f = -a*f - 6, 4*q - f - 178 = 0. List the prime factors of q.
3, 5
Suppose -6190 = -7*s - 576. What are the prime factors of s?
2, 401
Let r be 12/(-8) - (1 - (-30)/(-4)). Suppose 2*o - 232 = -0*k - 2*k, 2*k + r*o = 238. What are the prime factors of k?
2, 3, 19
Let m = 6 - 75. Suppose -2*z + 0*t = -t - 234, 2*z - 3*t - 238 = 0. Let r = m + z. What are the prim